. Calculate the greatest common factor of p and t.
61
Suppose 0 = 3*v + 27*v - 55110. Suppose 10 = -5*s, 5*s = 2*f + 483 - v. What is the highest common divisor of f and 14?
14
Suppose -u - 5 = j - 31, -18*j + 3*u = -342. What is the highest common divisor of j and 8660?
20
Let w = 102 + 239. Suppose 7*s - 73 = -4*j, 3*s - 22 = 2*j + 13. Calculate the highest common divisor of s and w.
11
Let f(t) = 18*t + 21 - 24*t**2 + 48 + 25*t**2. Let b be f(-5). What is the greatest common divisor of b and 10?
2
Let f be 4/(-28)*2*21. Let q(o) = 19*o + 252. Let m be q(f). Suppose 3*s - 68 - 70 = 0. What is the highest common divisor of s and m?
46
Suppose -11*a - 2758 = -172*a - 21. What is the highest common factor of 13838 and a?
17
Let m = -1 + 2. Let h(y) = -y**2 - 30*y - 182. Let p be h(-10). Let a be (2 - 4)/(4/p*-1). Calculate the greatest common divisor of m and a.
1
Suppose 126 = -r + 128. Suppose 0 = -r*v - 2*x - 43 + 205, -5*v = -x - 429. What is the greatest common divisor of v and 119?
17
Suppose 532 = 27*z - 8*z - 266. What is the greatest common factor of 1694 and z?
14
Let d be 5350/15 + 858/198. What is the highest common factor of d and 665?
19
Suppose 0 = -h - 6*c + 160, -9*h = -4*h + 3*c - 746. Calculate the greatest common divisor of h and 740.
148
Let z be (6/9)/(2/39). Let h = 1132 - 1086. Suppose -h*x + 570 = -1224. Calculate the highest common divisor of z and x.
13
Suppose 10*z = 26*z - 9632. Calculate the greatest common divisor of 70 and z.
14
Let i = 76252 - 76186. Suppose 0 = -2*d - 2*b + 658, d + 1315 = 5*d + 5*b. Calculate the highest common divisor of i and d.
66
Let p(n) = n**3 - 4*n**2 + 5*n - 6. Let m be p(4). Let h be -147*(16 + -1 + 21197/(-1353)). Calculate the greatest common factor of h and m.
14
Let a = -9494 - -9508. Calculate the highest common divisor of 2646 and a.
14
Let t(r) = 2*r + 465. Let q be t(24). Suppose -8*v = -135 - q. What is the greatest common factor of v and 54?
27
Let j be 8256/60 + (-6)/(-15). Suppose -3*n - j = -2*b, -115 - 230 = -5*b - 5*n. Calculate the greatest common factor of b and 23.
23
Let s = 25 - 24. Suppose -s = f - 9. Suppose 1235 = 3*j + 1067. What is the highest common factor of j and f?
8
Let l(t) = 15*t + t**2 + 6 - 5 - 40*t + 6. Let i be l(15). Let u = i - -163. Calculate the highest common divisor of 10 and u.
10
Let p(z) be the second derivative of 20*z - 1/12*z**4 + 3*z**2 + 11/6*z**3 + 0. Let w be p(10). Calculate the greatest common divisor of 80 and w.
16
Suppose 38*m = -221*m + 69630 + 4185. What is the greatest common factor of 6745 and m?
95
Suppose 210 = 2*i - 420. What is the greatest common factor of i and 360?
45
Suppose 5 = 5*b - 0. Let o be 4 - -1*(b - 2). Suppose 0 = -o*p + 15 + 3. Calculate the greatest common divisor of 24 and p.
6
Let o = 470 + -305. Let w = o + -159. What is the greatest common factor of 42 and w?
6
Suppose 83 = 5*i - 37. Suppose -4 = -v - u, -3*u - 8 + i = 5*v. Let z be (2 - 5 - v)*-46. What is the greatest common factor of z and 92?
46
Let n = -213 - -419. Let z = -116 + n. Calculate the greatest common divisor of z and 150.
30
Let c be (12/20)/(((30/(-18))/(-5))/195). What is the greatest common divisor of 4329 and c?
117
Suppose -168*j - 7*j = 53*j - 209304. Calculate the greatest common factor of 1728 and j.
54
Let n = 676 + -223. Let p = n - 446. What is the greatest common factor of 595 and p?
7
Let z(f) = 2*f**2 + 20*f - 36. Let k be z(-15). Let a be (k/(-18) - -7)*39. What is the highest common divisor of a and 130?
26
Let k = 112 - 45. Suppose 5*x - 2748 = -3*v - 68, 2*v = 0. Calculate the highest common factor of x and k.
67
Let d = 2118 + -768. Calculate the highest common divisor of d and 300.
150
Suppose 4*z + l + 811 = 0, -l = -4*z - 4*l - 809. Let h = 13 - z. Calculate the greatest common divisor of 8 and h.
8
Suppose 152*t = 114*t + 1900. Calculate the highest common factor of 1570 and t.
10
Let u be -2 - (-5 + 6 - 10). Let s(w) = 7*w - 1. Let z be s(u). Calculate the greatest common divisor of z and 32.
16
Suppose 33*m - 95259 - 96162 = 43803. What is the greatest common divisor of m and 440?
88
Suppose 64 + 143 = m. Let k be (-3)/15*(6 - 6). Suppose 23*u - 189 - 340 = k. What is the greatest common factor of m and u?
23
Let o(d) = 67*d**2 + 191*d - 7. Let a be o(-4). What is the highest common divisor of 112 and a?
7
Let y(l) = 4*l**2 - l + l**2 - 306 - l**3 + 304. Let m be y(2). What is the greatest common factor of 824 and m?
8
Let c(f) = -48 - 18*f + f + 3 + 0*f - f**2 + f. Let j be c(-6). What is the highest common factor of j and 33?
3
Suppose 0 = -267*m - 8138 + 18842 + 10923. Let u(g) = 2*g**2 + 6*g. Let r be u(-6). Calculate the highest common factor of m and r.
9
Suppose 755 + 757 = 84*d. What is the highest common factor of d and 513?
9
Suppose 6358 + 527 = 27*f. Calculate the highest common divisor of 30 and f.
15
Suppose 147*y = 175*y - 2520. Calculate the greatest common divisor of 3165 and y.
15
Let b be 5*((-1 - 24/(-30)) + 2). What is the greatest common divisor of b and 6714?
9
Let m(s) be the first derivative of s**2/2 + 21*s - 60. Let c be m(24). Calculate the greatest common factor of c and 45.
45
Let r(i) be the third derivative of -i**5/60 + 5*i**4/24 + i**3/6 - 14*i**2. Let u be r(3). Let f be 6 + 1*2/2. What is the highest common factor of u and f?
7
Let t be 7 - ((5 - 14) + -1785 + -4). Calculate the greatest common divisor of 380 and t.
95
Let m(r) = -4*r + 123. Let y(k) = -7*k + 247. Let x(u) = 13*m(u) - 6*y(u). Let i be x(10). What is the greatest common factor of i and 34?
17
Let d be 14 + 15 + 0 + (4 - (2 - 1)). What is the greatest common divisor of d and 472?
8
Let s = 67 - 31. Let t(k) = k. Let l be t(21). Suppose 0 = m + 25*i - l*i - 30, -2*i - 30 = -2*m. What is the highest common divisor of s and m?
18
Suppose -452*x + 12069 = -1491. Calculate the greatest common divisor of 23955 and x.
15
Suppose 1067*h - 4*c - 151 = 1066*h, -5*h + 738 = -3*c. Calculate the highest common divisor of h and 7791.
147
Suppose 280*v = 278*v + 2, 2*o + 3*v = 9129. What is the greatest common divisor of 27 and o?
27
Let l(z) = -2009*z + 1568. Let h be l(-6). Calculate the highest common factor of 14 and h.
14
Let d = -47 + 53. Suppose 0 = -3*o - 6, -4*p = -d*p - 3*o + 90. What is the highest common factor of 64 and p?
16
Let x(m) = -6*m + 172. Let s be (-3)/24 + -1 + 1165/40. Let c be x(s). Calculate the highest common divisor of 6 and c.
2
Let c(f) = 41*f**2 + 366*f + 8. Let q be c(-9). Calculate the highest common factor of 8575 and q.
35
Let p be 5*(2 + (-30)/10) + (3 - -1112). Calculate the highest common factor of 135 and p.
15
Suppose -62*m = 2*t - 63*m - 13, 0 = 4*t + 5*m - 19. Calculate the greatest common factor of 1446 and t.
6
Let m(l) = -75*l + 30. Let n(s) = 15*s - 6. Let d(t) = 4*m(t) + 21*n(t). Let v be d(4). Suppose -b = -4 - 32. Calculate the highest common divisor of v and b.
18
Suppose -27 = -2*q + 5*m, 5*m = 5*q - 186 + 126. Calculate the greatest common factor of 47 and q.
1
Suppose 2*l + 352 = 13*l. Suppose -1279 = 56*x - 3743. Calculate the highest common divisor of x and l.
4
Let t = -7 - 63. Let n = t + 81. Suppose -3 = 3*r + 3*h, -n - 4 = 5*h. What is the greatest common divisor of 7 and r?
1
Suppose -5*u = -42 + 12. Let r be (-397)/(-4) + (-2046)/(-744). Calculate the greatest common factor of u and r.
6
Let c(s) = s**2 - 4*s. Let v be c(6). Suppose -2*u = -18 - v. Let j be 3 + (5 - (-4 + 2)). Calculate the greatest common factor of j and u.
5
Suppose 2700 = 2*d + 41*f - 39*f, 4*f - 4051 = -3*d. Calculate the highest common divisor of d and 213.
71
Let b be (5 - -866) + (-4 - 3) + -8. Calculate the highest common divisor of 24 and b.
8
Let z = -4011 + 4014. What is the highest common divisor of z and 933?
3
Let o = 302 + -357. Let w = -37 - o. What is the highest common factor of 18 and w?
18
Let c be (6 - (-1136)/24)*(-27)/(-2). Let s = 1013 - c. Suppose -267 = -5*w + s. Calculate the highest common divisor of w and 14.
14
Suppose 6*y = 75 + 261. Let f(x) = -2*x + 27. Let n be f(-15). Suppose -4*j + n = v, -j - 4*v - 38 = -4*j. Calculate the highest common divisor of y and j.
14
Let y(r) = -4*r + 13303 - 13343 - 2*r**2 + 4*r**2. Let z be y(-4). What is the greatest common fa